 -u + 28 = v + 9. What is the greatest common factor of u and 6?
6
Let y = 186 - 183. What is the greatest common divisor of y and 3?
3
Suppose -2*z + 2*y + 0*y + 36 = 0, 4*y + 12 = 0. Calculate the highest common factor of 20 and z.
5
Let d be (-13)/((-364)/(-24))*-49. Calculate the greatest common factor of 28 and d.
14
Suppose -4*x + 7 = -1. Suppose 2*w - 6 = -2*k, 0 = 4*k - 5*w + x*w - 5. Calculate the highest common divisor of 10 and k.
2
Suppose 3*p - 23 = 58. Suppose -z + 4*z = 0. Suppose 6 = 2*j - 2*n, -n = -z*n. Calculate the highest common divisor of p and j.
3
Let b be -14 - -4 - 4/(-2). Suppose 4*c + 232 = -104. Let u be (-12)/(-7)*c/b. Calculate the highest common factor of u and 6.
6
Suppose l - 3*k = 167, -583 = -6*l + 2*l - 5*k. What is the highest common factor of l and 8?
8
Let w(v) = -v + 12. Let q be w(6). Let h be 0 + -1 - (-18)/q. Let r be (18/3)/(h - 0). What is the greatest common factor of 27 and r?
3
Suppose -2*y = -5*y + 30. Let l be 1*(-3 + 0 - -3) - -25. What is the greatest common divisor of l and y?
5
Let u = 54 + -9. Let g = -6 + 2. Let z be (-1)/g - (-357)/12. Calculate the highest common factor of z and u.
15
Let s be 21/(-14)*(2 + 0). Let z be 1/(s - -4) - -14. Calculate the greatest common divisor of z and 3.
3
Suppose -3*m + d + 29 = 0, -4*d + 9 = -7. What is the greatest common factor of 33 and m?
11
Suppose -5*x + 95 = -205. What is the highest common divisor of x and 15?
15
Suppose 2*g + 3*g + 20 = -2*w, -5 = w. Let t(s) = 2*s**2 - 2*s - 3. Let k be t(g). Calculate the greatest common factor of 9 and k.
9
Suppose 3 = b + 2*o - 1, -5*o - 8 = -2*b. Let n = -3 + -2. Let j = 9 + n. Calculate the highest common divisor of b and j.
4
Let i be -4 + 0 + (-6)/(-3). Let a(r) = 2*r**3 - r. Let o be a(i). Let l be (o/8)/(2/(-8)). Calculate the highest common factor of 56 and l.
7
Let g = -12 - -25. Let j = g + -8. Calculate the greatest common factor of 35 and j.
5
Let m = 119 + -74. Calculate the greatest common divisor of 9 and m.
9
Let f(m) = m**3 - 3*m**2 + 5*m - 4. Let z be f(3). Suppose y - 3*y = -242. What is the greatest common factor of y and z?
11
Suppose -4*j + 20 = -4*w - 4, -w - 28 = -3*j. Suppose -z + 5 + 28 = 0. Calculate the greatest common factor of z and j.
11
Let f(m) = m - 6. Let b be f(8). Suppose -5*q - u = -255, 0*u - 204 = -4*q + b*u. What is the highest common divisor of 34 and q?
17
Let h(i) = -i**3 - 2*i**2 + 2*i + 28. Let o be h(0). Suppose -3*m + 2*m - 2*d + 20 = 0, 3*m + 3*d - 51 = 0. Calculate the highest common divisor of o and m.
14
Let y be -5 - -2 - (-14 + 3). Calculate the highest common factor of 24 and y.
8
Suppose -10 = 5*m, -3*m + 989 = 4*j + 135. Calculate the greatest common divisor of 86 and j.
43
Let n(b) = -2*b - 3 + 7 + 4*b. Let u be n(5). Let k be (65/(-52))/(1/(-112)). Calculate the highest common divisor of k and u.
14
Let r = 29 - 13. Calculate the highest common factor of 40 and r.
8
Suppose -3*f - 3*d + 0 = 3, 1 = 3*f + 2*d. Let l = f + 2. Let y be 4/20 - (-359)/l. What is the greatest common divisor of y and 8?
8
Let b be (-1)/(-4*3/264). Calculate the greatest common divisor of b and 242.
22
Suppose 2*u + u + 81 = 0. Let s be 3*6/u*-21. Let x = s + -4. What is the greatest common divisor of x and 60?
10
Let c = -17 - -4. Let k = -19 - c. Let u be (-3)/2*28/k. What is the greatest common factor of 77 and u?
7
Let z = -2 + 9. Let w(b) = b**2 - 8*b + 8. Let c be w(z). Calculate the highest common factor of c and 2.
1
Suppose i - 33 = 129. Suppose 14*h - 11*h = i. Calculate the greatest common divisor of h and 18.
18
Suppose -3*u = -u - 8. Let r(o) = 18*o - 6. Let i be r(u). What is the greatest common divisor of 22 and i?
22
Suppose -49 = -10*l - 9. Calculate the highest common factor of 68 and l.
4
Let l be 3 - (-9)/(2 - 3). Let c be l/12 + (-13)/(-2). What is the greatest common factor of c and 18?
6
Suppose 0*v + 2 = -v, 3*z - 287 = v. Suppose 4*p = -p + z. Let j be 688/12 - 1/3. What is the greatest common divisor of p and j?
19
Let y be 6 - ((-2 - 1) + 6). Suppose 3 = -4*k + y*k, 4*q = 5*k - 13. Let f(s) = s + 16. Let h be f(q). What is the greatest common factor of h and 36?
9
Suppose 3*h - 5 - 7 = 0. Suppose h*q - 6 = -i, -5*q = 2*i - 4 - 5. Calculate the greatest common divisor of 8 and q.
1
Suppose y - 111 = -4*s, 2*y = -4*s + 159 + 71. Calculate the highest common divisor of y and 17.
17
Suppose 4*y - 2*c - 186 = 2*y, c = -y + 87. Calculate the greatest common divisor of 10 and y.
10
Let z be (1 - 3) + 6 + -1. Suppose z*n = 5*o - 33, 0 = n + 3*n + 4. What is the highest common factor of 30 and o?
6
Suppose u = -2*i + 80, 2*i = -u - 3*u + 290. Calculate the highest common factor of 105 and u.
35
Let p be 66*(45/(-10))/(-3). What is the greatest common divisor of p and 9?
9
Let l(f) = f**2 + 3*f. Let o be l(-5). What is the greatest common divisor of o and 15?
5
Let x(m) = m**3 + 14*m**2 + 8*m - 29. Let l be x(-13). What is the highest common factor of 288 and l?
36
Let v(u) = -6*u - 6. Let s be v(-3). What is the greatest common factor of s and 3?
3
Suppose 4*c - w - 644 = 3*w, 3*w - 797 = -5*c. Suppose -3*t = -3*j + 123, 7*j - 2*j + 4*t = c. What is the highest common divisor of 4 and j?
4
Suppose g = -g + 24. Let d(u) = u**3 - 4*u**2 - u - 18. Let n be d(6). What is the greatest common factor of n and g?
12
Let o(z) = 13*z - 35. Let s be o(10). Suppose 4*m - 147 = -5*c, -5*m + 4*c + 119 = -75. Calculate the greatest common divisor of s and m.
19
Let i = 3 + 1. Let o = 48 - 28. Calculate the highest common factor of i and o.
4
Let r = 25 - 13. Suppose 0 = -2*p + p + 4*s + r, 4*s = 0. What is the highest common divisor of p and 108?
12
Let b(l) = l**2 - l - 4. Let k be b(4). Let s = 12 - k. Suppose u + 27 = s*u - 3*y, -5*y = -25. Calculate the highest common factor of u and 14.
14
Suppose -p - 13 = -2*p - 2*q, -3*q = -p + 28. What is the highest common factor of p and 38?
19
Let a be ((-72)/(-20))/((-4)/(-110)). Calculate the greatest common divisor of 11 and a.
11
Suppose -3*s - 3 = 3*f, -4*f - 3*s + 0*s = 6. Let b be ((-2)/2)/(f/168). Calculate the greatest common factor of b and 7.
7
Suppose 40 = 5*v + 5*z, 0 = -2*v + v - 5*z + 20. Suppose -w + 2 = 0, -v*w = -f + 5*f - 26. Calculate the greatest common divisor of f and 2.
2
Let t(g) = g**2 - 14*g + 4. Let u(b) = b. Let h(j) = t(j) + 4*u(j). Let n be h(11). What is the highest common factor of n and 165?
15
Suppose 0 = 2*g - 4*g. Let w(p) = -p + 126. Let a be w(g). Calculate the highest common divisor of a and 14.
14
Let w(x) = x**2 - x - 4. Let t be w(4). Let n be 18/8 + (-2)/t. Calculate the greatest common divisor of 14 and n.
2
Let i = 637 - 313. What is the greatest common divisor of i and 36?
36
Let r = -72 - -81. What is the greatest common divisor of 36 and r?
9
Let y(f) = f**2 + 20*f - 26. Let x be y(-22). Calculate the greatest common factor of x and 9.
9
Let c(b) = -b**2 + 10*b - 7. Let j be c(5). Suppose -o + j = -5*u, 3 = -u + 3*u + 3*o. Let r be 22/u*(-6)/4. What is the greatest common factor of 11 and r?
11
Let g(u) = 9*u + 15. Let w be g(9). Calculate the greatest common divisor of w and 24.
24
Let w = 31 - 30. What is the greatest common divisor of 1 and w?
1
Let f = 16 + -7. Let o = -10 - -7. Let t be (-1)/((o - 0)/135). What is the highest common divisor of t and f?
9
Let m be (12 + -4)*(-1)/(-2). Suppose -24 = -m*r + v + 29, 4*r = -5*v + 23. Calculate the greatest common factor of 3 and r.
3
Let g be (2 + -2)*1 + 119. Let z = -35 - 18. Let k = g + z. Calculate the highest common factor of k and 6.
6
Let n = 10 - 0. Suppose 3*c = r - 2*r + 65, 3*c - 45 = 3*r. What is the greatest common divisor of n and c?
10
Let l = 0 + 2. Calculate the highest common factor of 2 and l.
2
Let z = -171 - -251. Calculate the greatest common divisor of 40 and z.
40
Let l be ((-28)/(-6))/(1/3). Suppose -l = 2*i - 3*i. Calculate the greatest common divisor of i and 98.
14
Suppose 3*w - 41 = 67. Suppose -w = -2*d - d. What is the greatest common factor of 24 and d?
12
Let q = 197 + -161. Calculate the highest common divisor of 108 and q.
36
Let p(x) = -3*x**3 - 4*x + 4*x**3 - 5 + 3*x**2 + 0*x**3. Let o be p(4). Let c = 22 - 9. What is the greatest common factor of c and o?
13
Let w = -7 - -11. Suppose -